 = -11*x - 404. What is o(-34)?
-30
Let d(k) = -k**3 - 6*k**2 - 7*k - 6. Determine d(-6).
36
Let y(u) = 5*u - 21. Calculate y(5).
4
Let h(w) = -3*w - 11. Determine h(-15).
34
Let v(k) = k + 1. Calculate v(8).
9
Let q(t) = 2*t**2 + 13*t - 2. Give q(-7).
5
Let y(w) = 2*w**3 - 2*w**2 + w. What is y(1)?
1
Let o(k) = k**2 - 3*k - 8. Give o(5).
2
Let g(s) = -15*s**2 - 2*s + 3. Give g(1).
-14
Let z(x) = x**2 + 6*x + 8. What is z(-2)?
0
Let u(t) = -3*t + 2. Give u(-5).
17
Let c(o) = 8*o + 18. What is c(-2)?
2
Let g(v) = 14*v + 38. What is g(-3)?
-4
Let t(s) = -8*s**2 + s + 21. What is t(-5)?
-184
Let l(g) = 5*g + 87. Determine l(-18).
-3
Let n(p) = p**2 - 31*p + 236. Give n(17).
-2
Let o(b) = b**2 + 7*b + 16. What is o(-7)?
16
Let a(y) = -2*y - 14. Give a(-6).
-2
Let q(r) = -r**3 + 9*r**2 - 4*r + 10. Give q(8).
42
Let r(u) = -5*u - 68. What is r(-8)?
-28
Let r(f) = f**3 - 4*f**2 - 6*f - 6. Determine r(5).
-11
Let p(h) = 2*h + 16. Calculate p(-13).
-10
Let c(b) = 3*b**2 + 35*b - 13. What is c(-12)?
-1
Let y(s) = -9*s - 4. Give y(-2).
14
Let m(j) = -j**2 - 16. Calculate m(-5).
-41
Let w(l) = -l**2 - 5*l + 2. Give w(3).
-22
Let k(w) = -w**3 + 2*w**2 - 5*w + 13. What is k(4)?
-39
Let g(c) = -33*c - 737. Give g(-22).
-11
Let s(c) = c - 12. What is s(9)?
-3
Let t(g) = -g**3 - 8*g**2 + 9*g + 1. What is t(-9)?
1
Let u(n) = -3*n**3 - n**2 + 2. Calculate u(-1).
4
Let t(i) = i**3 - 4*i**2 - 18*i - 20. Determine t(7).
1
Let c(d) = d**2 + 22*d + 14. Calculate c(-19).
-43
Let i(m) = -m**2 + 16*m - 22. Give i(14).
6
Let t(w) = w**3 - 9*w**2 - 11*w + 5. Calculate t(10).
-5
Let x(m) = m**3 - 6*m**2 + 3*m + 4. Calculate x(3).
-14
Let r(c) = -c**3 + 6*c**2 - 19*c + 25. What is r(3)?
-5
Let z(l) = 7*l + 6. Calculate z(-4).
-22
Let c(z) = 14*z + 40. What is c(-3)?
-2
Let n(f) = -f**2 - 25*f - 74. Calculate n(-22).
-8
Let h(m) = m - 8. Give h(0).
-8
Let a(i) = -i**2 - 19*i - 46. Calculate a(-3).
2
Let n(h) = -h**3 + 3*h**2 + 4*h + 6. Give n(4).
6
Let i(r) = -r**2 + 4*r - 6. What is i(6)?
-18
Let j(y) = y**2 + 5*y + 11. What is j(-6)?
17
Let j(n) = 66*n. Calculate j(1).
66
Let h(t) = 8*t**3 - 4*t**2 + 7*t - 4. Calculate h(2).
58
Let k(c) = 2*c**2 + 12*c - 140. What is k(-12)?
4
Let n(k) = -k + 17. What is n(-3)?
20
Let a(o) = -9*o + 135. What is a(16)?
-9
Let p(z) = -z**3 - 3*z**2 + 17*z + 15. Calculate p(-6).
21
Let y(r) = -r**2 + 13*r + 17. Determine y(15).
-13
Let n(a) = -a**3 + 7*a**2 + a + 16. Calculate n(6).
58
Let t(x) = 2*x**2 - 8*x + 15. Give t(6).
39
Let q(i) = 3*i + 27. Determine q(-8).
3
Let c(r) = -6*r - 8. What is c(4)?
-32
Let y(h) = 4*h - 64. Determine y(19).
12
Let k(p) = p**3 - 7*p**2 - 12*p + 4. Give k(9).
58
Let g(b) = -b**3 - 17*b**2 + 3*b + 5. Calculate g(-17).
-46
Let u(j) = 10*j + 27. What is u(-11)?
-83
Let v(i) = 5*i + 67. Give v(-13).
2
Let y(g) = -g**3 - 5*g**2 + 5*g - 3. Give y(-6).
3
Let t(u) = -u + 6. Determine t(-1).
7
Let a(b) = 3*b - 27. What is a(10)?
3
Let t(u) = 14*u**2 + 27*u + 2. Calculate t(-2).
4
Let y(b) = -b**2 - 11*b - 9. What is y(-8)?
15
Let j(t) = 25*t - 723. Give j(29).
2
Let u(w) = -w**2 + 8*w + 17. What is u(10)?
-3
Let v(i) = -i**2 + 4*i + 2. What is v(-4)?
-30
Let s(o) = 5*o**2 + 8*o + 10. Calculate s(-5).
95
Let n(y) = 4*y**3 + 3*y**2 + 5*y - 4. Calculate n(-2).
-34
Let l(p) = -p + 47. Calculate l(-15).
62
Let a(f) = -27*f - 272. What is a(-10)?
-2
Let v(d) = -11*d + 437. Calculate v(40).
-3
Let d(q) = -q**3 + 8*q**2 + q - 3. What is d(8)?
5
Let a(c) = 18*c + 167. Give a(-9).
5
Let u(z) = 4*z + 8. Calculate u(-1).
4
Let u(l) = -l**2 - 12*l - 9. Give u(-9).
18
Let v(o) = -o**3 - 20*o**2 - 19*o + 3. Give v(-19).
3
Let s(h) = h**2 + h - 14. Determine s(-4).
-2
Let g(z) = 2*z**3 + z**2 - 3*z + 1. What is g(-3)?
-35
Let m(c) = c**2 + 22*c - 1. Calculate m(-22).
-1
Let m(q) = -26*q + 73. Give m(4).
-31
Let g(x) = -2*x - 8. What is g(-8)?
8
Let y(n) = n**3 + 10*n**2 + 3*n - 7. Determine y(-10).
-37
Let t(x) = 3*x**2 - 3*x - 13. Determine t(7).
113
Let j(i) = i**2 + 9*i + 13. Give j(-7).
-1
Let d(p) = 17*p + 633. Determine d(-37).
4
Let f(c) = c**2 + 22*c + 38. Give f(-20).
-2
Let d(t) = -2*t**3 - 4*t**2 - 6*t - 6. Calculate d(-2).
6
Let x(i) = i**2 - 8*i + 9. Give x(5).
-6
Let a(p) = -p**2 + 4*p - 7. Determine a(-5).
-52
Let a(t) = 14*t + 125. What is a(-11)?
-29
Let p(n) = -2*n - 2. Give p(6).
-14
Let n(p) = -p**3 + 13*p**2 + 14*p + 12. Calculate n(14).
12
Let u(h) = -h**2 - 17*h - 2. Give u(-18).
-20
Let p(s) = -s**3 + 8*s**2 - 9*s - 16. What is p(4)?
12
Let m(a) = 2*a**2 + a + 3. Determine m(-2).
9
Let q(x) = 3*x + 25. What is q(-10)?
-5
Let k(a) = a**2 - 11*a + 8. Give k(5).
-22
Let j(m) = -m + 5. Calculate j(8).
-3
Let s(k) = -k + 1. Calculate s(0).
1
Let t(a) = -8*a + 6. Give t(1).
-2
Let x(f) = -f**2 - f + 2. Determine x(0).
2
Let j(c) = -c + 15. Give j(0).
15
Let v(y) = -y + 5. Determine v(6).
-1
Let n(p) = 19*p - 52. Calculate n(3).
5
Let z(l) = 8*l**2 - 77*l - 32. Calculate z(10).
-2
Let m(a) = -a**3 + 15*a**2 - 48*a + 7. What is m(9)?
61
Let r(x) = 2*x**2 - 15*x - 15. Determine r(8).
-7
Let o(z) = 9*z + 150. Calculate o(-16).
6
Let r(g) = -g**3 + 5*g**2 - 3*g + 1. Give r(3).
10
Let r(d) = 3*d - 91. Give r(18).
-37
Let k(c) = 9*c**2 - 451*c + 42. What is k(50)?
-8
Let r(t) = -2*t - 1. What is r(6)?
-13
Let i(k) = 6*k**3 + k**2 - 3*k + 2. What is i(1)?
6
Let s(d) = d**3 + 2*d**2 - 2*d + 2. What is s(-4)?
-22
Let k(c) = -4*c + 5. Give k(-5).
25
Let a(v) = -v**2 + 14*v - 35. Determine a(4).
5
Let n(y) = 18*y**2 - 21*y - 20. Calculate n(-1).
19
Let h(o) = o**2 - 7*o + 21. Calculate h(9).
39
Let k(b) = 5*b - 29. Determine k(-17).
-114
Let h(c) = c**3 - c**2 - c - 1. Determine h(-2).
-11
Let z(x) = -9*x - 1. Give z(-1).
8
Let w(d) = d**2 + 16*d + 26. Calculate w(-6).
-34
Let v(i) = 2*i**2 - 6*i - 1. Calculate v(4).
7
Let z(g) = -6*g + 72. Determine z(9).
18
Let b(p) = 2*p + 3. Give b(-8).
-13
Let f(v) = -2*v**2 + 10*v + 1. Determine f(7).
-27
Let u(j) = 8*j + 249. Calculate u(-31).
1
Let y(l) = -l**2 + 6*l - 6. What is y(3)?
3
Let s(a) = -14*a + 12. Calculate s(-5).
82
Let m(v) = -v**3 + 6*v**2 + v - 2. Give m(5).
28
Let j(o) = 2*o - 27. What is j(9)?
-9
Let y(t) = 4*t - 64. Give y(16).
0
Let v(a) = -33*a**2 - 3*a - 2. Give v(-1).
-32
Let h(d) = 6*d + 31. Determine h(-7).
-11
Let l(s) = 3*s + 10. What is l(-4)?
-2
Let x(l) = -2*l**3 - 9*l**2 - 6*l. What is x(-3)?
-9
Let i(v) = v**2 + 3*v - 13. What is i(-6)?
5
Let s(f) = f**3 + 12*f**2 + 24*f + 46. What is s(-10)?
6
Let c(o) = -o**2 - 4*o + 18. Determine c(-7).
-3
Let i(v) = -4*v**2 - 5*v - 2. What is i(-2)?
-8
Let j(x) = x + 59. Give j(0).
59
Let m(r) = -16*r + 33. Give m(4).
-31
Let l(n) = -n**2 - 31*n - 159. Give l(-7).
9
Let t(j) = -j**3 + 9*j**2 - 7*j - 2. Calculate t(8).
6
Let y(j) = j - 13. Determine y(0).
-13
Let y(g) = 4*g + 1. Calculate y(3).
13
Let v(x) = 2*x**2 - 13*x + 9. Give v(6).
3
Let c(o) = o**3 + 16*o**2 + 16*o + 30. Determine c(-15).
15
Let p(m) = 2*m**2 - 10*m + 17. Calculate p(3).
5
Let n(k) = -13*k**2 + 2*k - 1. What is n(1)?
-12
Let w(g) = g**2 - 26*g + 155. What is w(14)?
-13
Let x(w) = 22*w + 219. Determine x(-10).
-1
Let p(a) = a**2 - 4*a + 3. Calculate p(3).
0
Let q(k) = k**3 + 9*k**2 + 14*k + 4. Give q(-4).
28
Let n(g) = -g**3 + 8*g**2 + g - 6. Calculate n(9).
-78
Let f(i) = i**2 - 5*i - 22. Give f(10).
28
Let q(u) = -u**2 - 24*u + 9. What is q(0)?
9
Let l(v) = -19*v - 138. Give l(-7).
-5
Let g(p) = 4*p + 3. What is g(-4)?
-13
Let o(p) = -7*p**3 + 5*p**2 - 2. Give o(2).
-38
Let f(i) = -23*i - 111. Give f(-5).
4
Let n(d) = -d**3 - 10*d**2 - 13*d - 18. Give n(-9).
18
Let x(m) = -m - 29. Determine x(-12).
-17
Let r(k) = 13*k + 1. What is r(1)?
14
Let r(m) = -m**2 - m - 4. Give r(-3).
-10
Let p(i) = -i**3 - 44*i**2 - 42*i + 43. What is p(-43)?
0
Let d(w) = 4*w + 5. Determine d(-4).
-11
Let l(k) = 2*k**2 - 14*k - 19. Determine l(13).
137
Let s(n) = n**2 + 46*n + 359. What is s(-36)?
-1
Let m(z) = -z**3 + 9*z**2 - 10*z - 8. Give m(8).
-24
Let x(q) = -2*q**2 - 8*q + 3. Calculate x(2).
-21
Let w(b) = b - 7. What is w(-15)?
-22
Let r(u) = -4*u**2 - 13*u - 9. Determine r(-3).
-6
Let g(p) = -p**2 - 9*p + 6. Determine g(-7).
20
Let f(r) = -2*r**3 - 26*r**2 + 29*r - 2. Calculate f(1).
-1
Let r(x) = -x**2 + 5*x - 9. Give r(6).
-15
Let y(k) = k**3 + 5*k**2